emainder when 472666 is divided by 331?
329
What is the remainder when 193242 is divided by 2646?
84
Calculate the remainder when 621024 is divided by 451.
448
Calculate the remainder when 42712 is divided by 8540.
12
Calculate the remainder when 194057 is divided by 21437.
1124
What is the remainder when 141454 is divided by 59?
31
Calculate the remainder when 65935 is divided by 4358.
565
Calculate the remainder when 51651 is divided by 10327.
16
Calculate the remainder when 65559480 is divided by 32779737.
6
What is the remainder when 1281387 is divided by 30437?
3033
What is the remainder when 13534293 is divided by 1085?
3
Calculate the remainder when 477941 is divided by 57.
53
What is the remainder when 580157 is divided by 580028?
129
Calculate the remainder when 26226076 is divided by 12.
4
Calculate the remainder when 408669 is divided by 136169.
162
What is the remainder when 31110784 is divided by 4444385?
89
Calculate the remainder when 27185519 is divided by 1135.
1134
Calculate the remainder when 636157 is divided by 1374.
1369
Calculate the remainder when 253958 is divided by 84388.
794
What is the remainder when 24136889 is divided by 6?
5
Calculate the remainder when 22265 is divided by 20180.
2085
Calculate the remainder when 1560532 is divided by 780081.
370
What is the remainder when 1844779 is divided by 1313?
14
Calculate the remainder when 6371668 is divided by 143.
17
Calculate the remainder when 224434 is divided by 7477.
124
Calculate the remainder when 12362824 is divided by 316995.
19
Calculate the remainder when 391595 is divided by 743.
34
What is the remainder when 18281 is divided by 1243?
879
Calculate the remainder when 10988 is divided by 151.
116
What is the remainder when 135409 is divided by 135318?
91
What is the remainder when 26615435 is divided by 94?
87
What is the remainder when 424500 is divided by 768?
564
Calculate the remainder when 19661412 is divided by 8317.
24
Calculate the remainder when 605125795 is divided by 44.
43
What is the remainder when 20738746 is divided by 25?
21
What is the remainder when 44559 is divided by 2215?
259
Calculate the remainder when 33476 is divided by 16721.
34
Calculate the remainder when 116458104 is divided by 3327374.
14
What is the remainder when 272518 is divided by 515?
83
Calculate the remainder when 32042784 is divided by 54.
48
Calculate the remainder when 52782 is divided by 417.
240
Calculate the remainder when 83061180 is divided by 44394.
6
Calculate the remainder when 70803978 is divided by 11800661.
12
Calculate the remainder when 85903 is divided by 1893.
718
Calculate the remainder when 4500269 is divided by 1500034.
167
Calculate the remainder when 5965488 is divided by 994248.
0
What is the remainder when 642061 is divided by 30?
1
Calculate the remainder when 335946516 is divided by 8099.
8095
What is the remainder when 10383451 is divided by 23925?
1
Calculate the remainder when 261223 is divided by 7387.
2678
Calculate the remainder when 10124 is divided by 793.
608
Calculate the remainder when 11983 is divided by 1702.
69
Calculate the remainder when 265721 is divided by 85.
11
Calculate the remainder when 9746840 is divided by 401.
134
Calculate the remainder when 188778 is divided by 47157.
150
What is the remainder when 419068 is divided by 19047?
34
What is the remainder when 10837 is divided by 1963?
1022
Calculate the remainder when 1934062 is divided by 264.
262
What is the remainder when 3048280 is divided by 51?
10
Calculate the remainder when 191568964 is divided by 36.
4
Calculate the remainder when 719656 is divided by 236.
92
Calculate the remainder when 760612 is divided by 140.
132
What is the remainder when 5288838 is divided by 70?
58
Calculate the remainder when 1377536 is divided by 459178.
2
What is the remainder when 4376491 is divided by 95141?
5
Calculate the remainder when 41413608 is divided by 12.
0
What is the remainder when 5477263 is divided by 8?
7
Calculate the remainder when 303516 is divided by 8888.
1324
Calculate the remainder when 21421 is divided by 4127.
786
What is the remainder when 1225903 is divided by 1277?
1260
Calculate the remainder when 2575462 is divided by 1310.
2
Calculate the remainder when 5054835 is divided by 842470.
15
What is the remainder when 4384141 is divided by 377?
8
Calculate the remainder when 728753 is divided by 2699.
23
Calculate the remainder when 6276209 is divided by 2092068.
5
What is the remainder when 22334054 is divided by 21?
8
What is the remainder when 93923320 is divided by 25?
20
Calculate the remainder when 701581 is divided by 29232.
13
Calculate the remainder when 197551 is divided by 1604.
259
Calculate the remainder when 6711822 is divided by 39.
0
What is the remainder when 639580 is divided by 2139?
19
Calculate the remainder when 2562434 is divided by 11238.
170
Calculate the remainder when 33732 is divided by 914.
828
Calculate the remainder when 73315 is divided by 36578.
159
What is the remainder when 277676 is divided by 740?
176
Calculate the remainder when 15991534 is divided by 335.
309
Calculate the remainder when 3304 is divided by 1650.
4
Calculate the remainder when 14410 is divided by 2287.
688
What is the remainder when 5736457 is divided by 7?
6
What is the remainder when 20269879 is divided by 39?
19
Calculate the remainder when 466955 is divided by 38912.
11
What is the remainder when 209743 is divided by 610?
513
Calculate the remainder when 61760 is divided by 3237.
257
Calculate the remainder when 14406881 is divided by 936.
905
Calculate the remainder when 10340608 is divided by 29.
20
Calculate the remainder when 2086919 is divided by 1705.
1704
Calculate the remainder when 495568 is divided by 6118.
10
What is the remainder when 20226201 is divided by 20226189?
12
Calculate the remainder when 2747996 is divided by 41.
12
What is the remainder when 1261416 is divided by 1261401?
15
What is the remainder when 467961 is divided by 229865?
8231
Calculate the remainder when 753037 is divided by 149.
140
What is the remainder when 1247914 is divided by 1838?
1750
What is the remainder when 2951582 is divided by 2122?
2002
Calculate the remainder when 79545 is divided by 62.
61
Calculate the remainder when 6235042 is divided by 160.
2
Calculate the remainder when 156471 is divided by 8692.
15
What is the remainder when 565506 is divided by 3469?
59
What is the remainder when 118904 is divided by 24?
8
Calculate the remainder when 1250096 is divided by 1250016.
80
Calculate the remainder when 15769653 is divided by 389.
371
Calculate the remainder when 203124 is divided by 15372.
3288
What is the remainder when 7376024 is divided by 21?
5
What is the remainder when 308828434 is divided by 565?
564
Calculate the remainder when 5510154 is divided by 179.
176
Calculate the remainder when 95710 is divided by 13589.
587
Calculate the remainder when 1616356 is divided by 269383.
58
Calculate the remainder when 545560 is divided by 259.
106
Calculate the remainder when 5363861 is divided by 420.
41
What is the remainder when 3958995 is divided by 95?
60
Calculate the remainder when 1490235 is divided by 2093.
19
Calculate the remainder when 4193418 is divided by 69890.
18
What is the remainder when 30404217 is divided by 2756?
25
Calculate the remainder when 651989 is divided by 79.
2
What is the remainder when 5397 is divided by 858?
249
What is the remainder when 5375377 is divided by 7?
0
What is the remainder when 6625841 is divided by 422?
19
Calculate the remainder when 1862665 is divided by 235.
55
What is the remainder when 124629 is divided by 4580?
969
What is the remainder when 798473 is divided by 302?
287
Calculate the remainder when 177342 is divided by 533.
386
Calculate the remainder when 23435021 is divided by 2929374.
29
What is the remainder when 42795 is divided by 6899?
1401
Calculate the remainder when 2842076 is divided by 47.
33
Calculate the remainder when 35292364 is divided by 579.
577
Calculate the remainder when 177935 is divided by 11857.
80
Calculate the remainder when 6889 is divided by 2752.
1385
What is the remainder when 8169990 is divided by 788?
6
What is the remainder when 683251 is divided by 12199?
107
C